1*r = -15*r + 4872. Suppose 5*f - 87 = 3*q, -f = -3*f + 2*q + 34. Calculate the remainder when r is divided by f.
15
Let v(q) = 782*q - 6900. What is the remainder when 402 is divided by v(9)?
126
Let s = -13 - -21. Suppose -4*w + s*w + c - 59 = 0, -w - 3*c = -1. Let a(t) = 2*t**3 + 30*t**2 - 5*t - 21. Calculate the remainder when a(-15) is divided by w.
6
Suppose -12*c + 20 = -10*c. Calculate the remainder when (3/9)/((-10 + 0)/(-1080)) is divided by c.
6
Let s = 7 - -13. Suppose -1057 + 301 = 2*y - 4*y. Suppose -27*h + s*h = -y. What is the remainder when h is divided by 4?
2
Suppose 468 = d + 465, -23 = -4*w - d. What is the remainder when 14369 is divided by w?
4
Let d(f) = 90*f + 769. Calculate the remainder when 2694 is divided by d(-8).
48
Let u be ((-395)/10)/((-3)/(-18)). Let k = 247 + u. Calculate the remainder when 317 is divided by k.
7
Let q = -97 + 140. Let i = -2507 - -2645. Calculate the remainder when i is divided by q.
9
Let s = -3472 - -3965. Calculate the remainder when s is divided by 73.
55
Let u(f) = 2*f**2 + 907*f + 8993. What is the remainder when 1250 is divided by u(-10)?
20
Suppose 30*j + 4298 - 5348 = 0. Let r(q) = 66*q**2 + 1. What is the remainder when r(-1) is divided by j?
32
Let c(o) = 22*o + 49. Let z be c(9). Suppose 0 = 5*u + 4*w + z - 1272, 5 = w. Calculate the remainder when u is divided by 17.
14
Let g = -1523 + 1626. Calculate the remainder when 179 is divided by g.
76
Let q be ((-16)/(-4) + -2 - -21) + -3. Let c be 30/q + 850/4. Suppose 2*x - 4*x + c = 0. What is the remainder when x is divided by 28?
23
Let v(a) = -1213*a - 3803. Calculate the remainder when v(-4) is divided by 207.
14
Suppose 67*h - 782 - 1027 = 0. What is the remainder when 74 is divided by h?
20
Suppose -33 = -3*r - 4*d, 0*r - 51 = -4*r - 3*d. Suppose -2*x = r - 11. What is the remainder when 46 is divided by (-42)/x*(-3 + (-81)/(-21))?
10
Let d(z) be the first derivative of -2*z**2 + 24*z - 17. Let h be d(5). Calculate the remainder when 10/h*(-228)/(-30) is divided by 12.
7
Let x be ((-1)/2)/(16/1632). Let o = 285 + x. Suppose 4*a + 391 = 5*h, 77 + o = 4*h - 5*a. Calculate the remainder when h is divided by 16.
15
Let j = 73 + -13. Calculate the remainder when j is divided by (-2)/(((-213)/36)/(-1) - 6).
12
Calculate the remainder when 3086 is divided by 4/(27 + -7) - (-5)/((-50)/(-4398)).
6
Let j(y) = 4*y - 1. Let x = 2331 - 2298. What is the remainder when x is divided by j(2)?
5
Let c(k) = -32*k + 7. Let p be c(-2). Let o = p - 43. Let b = o + -23. What is the remainder when 13 is divided by b?
3
Suppose -867*z + 858*z + 153 = 0. What is the remainder when 6186 is divided by z?
15
Let y be 2*7341/(-2)*-1. Suppose 17*g + 762 - y = 0. What is the remainder when g is divided by 30?
27
Suppose -2*f - 46 = f + 2*m, 4*f + 2*m = -58. What is the remainder when 112 is divided by (f - -14)/(4/18)?
4
Suppose 5*f = -0*f - j + 45, 0 = -f + 2*j + 9. What is the remainder when (-4)/((-59)/((-10325)/(-14))) is divided by f?
5
Calculate the remainder when 132 is divided by 44/(-33)*(-5 + 31/(-4)).
13
Suppose 0*j - 193255 + 59615 = -26*j. Calculate the remainder when j is divided by 53.
52
Let h = -194 - -192. Let m(b) = -24*b - 29. Calculate the remainder when m(h) is divided by 14.
5
Let y(s) = 10*s + 8 - 22*s + 16*s. Let f be y(-2). Suppose -2*q + 76 = -f*q. What is the remainder when q is divided by 10?
8
Suppose -16*r + 30*r = 4340. Suppose -225 = -r*q + 305*q. Suppose 0*h - 2*h = -20. What is the remainder when q is divided by h?
5
What is the remainder when -21750*1*10/(-30) is divided by 37?
35
Suppose 58 = -8*k + 228 + 5286. What is the remainder when k is divided by 109/3 - 9/27?
34
Let t(y) = 5875*y**2 - 80*y - 81. What is the remainder when t(-1) is divided by 125?
124
Let l = -22860 + 22894. Calculate the remainder when 316 is divided by l.
10
Let r = -3153 + 3207. Calculate the remainder when r is divided by 6.
0
Let m = 11924 - 11592. What is the remainder when 1005 is divided by m?
9
Suppose r = -3*x + 8, 3 = 2*r - r - 2*x. Suppose -r - 49 = -2*o. What is the remainder when 2 - 16 - (-16625)/95 is divided by o?
26
Suppose 0 = -809*i + 801*i + 2712. What is the remainder when i is divided by 201?
138
Suppose -35*o = -38*o + 30. What is the remainder when 2607 is divided by o?
7
Let d be (-7 - (-42)/(-12))*22*-1. Suppose -8*r + d = -913. Suppose -4*h - 141 = -5*n + 20, -3*h - 12 = 0. What is the remainder when r is divided by n?
27
Suppose -40*q + 36*q + 1130 = -3*y, -5*y + 1360 = 5*q. What is the remainder when q is divided by 19?
12
Suppose 3*k = 4*m - 225, 70*m = 74*m + k - 213. What is the remainder when 507 is divided by m?
21
Calculate the remainder when ((44/(-16))/1)/(6/(-480)) is divided by 197.
23
Suppose 12*s - 84 = 288. Calculate the remainder when (1596/(-456))/(2/(-212)) is divided by s.
30
Suppose -16*r + 3024 = -1552. Calculate the remainder when r is divided by 9.
7
Let n be ((-7)/14 - (-10)/(-4)) + 18. Suppose -3*m = n, 2*m + 3*m - 35 = -2*c. What is the remainder when c is divided by 17?
13
Suppose -82*z = -339 - 481. Calculate the remainder when 1118 is divided by z.
8
Let d(v) = 2*v**2 + 4*v + 15. Let p be d(7). Suppose p - 9 = 4*t. Calculate the remainder when 128 is divided by t.
29
Let j(p) = -2*p**2 - 19*p. Suppose 0 = 2*r - 1 - 5. Suppose 0 = r*g + 19 - 82. Calculate the remainder when g is divided by j(-9).
3
Let i(v) = -11*v + 405. Calculate the remainder when 3338 is divided by i(32).
52
Let b(t) = -11*t - 3. Let m(d) = d**2 + 16*d - 34. Let h be m(2). What is the remainder when b(-3) is divided by (17/h)/(1/2)?
13
Suppose -19 = -8*p - 3. Let q be p*9*(-250)/10. What is the remainder when 56 is divided by ((-2)/6)/(5/q)?
26
Let w = -307 + 575. Suppose -3*n - 7*s = -2*s - w, 2*s = 5*n - 457. Suppose 4*t - t - 69 = 0. Calculate the remainder when n is divided by t.
22
Suppose 0 = -2*i - i - 2*l + 1703, i - 563 = -3*l. Let m = 582 - i. Calculate the remainder when 88 is divided by m.
10
Let d be (-11)/22*(22 - 0/2). Let k(a) = -a**3 - 10*a**2 + a - 27. Calculate the remainder when k(d) is divided by 25.
8
Let x(u) = u + 176. Calculate the remainder when 478 is divided by x(-5).
136
Let f(o) = o**3 - 3*o**2 - 4*o - 2. Let g = -279 + 295. Calculate the remainder when f(5) is divided by g.
12
Suppose -2*v = 5*h - 236, 4*v + 2*h = h + 436. Suppose 20*z - 18*z = v. Suppose -4*f - 2*u + 3*u = -43, 2*u = 2. What is the remainder when z is divided by f?
10
Calculate the remainder when (410/5 - -2) + -4 is divided by ((-8)/(-10))/(9/315).
24
Suppose -11*b + 512 = 314. What is the remainder when 70 is divided by b?
16
Let a(o) = o**2 + 152*o + 5957. Calculate the remainder when a(-98) is divided by 29.
27
Let t(r) = r**3 - 9*r**2 - 6*r - 2. Suppose 7*p = 9*p - 20. Suppose k - 193 = 2*z, 0*k - 2*k + 368 = 5*z. What is the remainder when k is divided by t(p)?
37
Suppose 2 = -4*h + 62. Suppose -5*g + 55 = h. What is the remainder when 24 is divided by g?
0
Let u(q) = 5*q + 359. Suppose 13 = -14*i - 631. Calculate the remainder when u(i) is divided by 45.
39
Let j = 2680 + -985. Let b be (-1)/((-3)/5 + 1002/j). Let g = b - 85. What is the remainder when g is divided by 16?
12
Let j = -2302 + 2343. Calculate the remainder when 525 is divided by j.
33
Let q(c) = -2*c**3 + 102*c**2 - 187*c + 162. Calculate the remainder when q(49) is divided by 32.
27
Let h = -7654 + 7672. Calculate the remainder when 93 is divided by h.
3
Let j be (2 - (3 + -5)) + 1. Suppose 3*d - 4*b - 8 = 8, j*d - 23 = 3*b. Suppose d*k + 492 = 8*k. Calculate the remainder when k is divided by 21.
18
Let z be 1*-5*(-19)/19. Suppose r - 306 = -5*j + 4*r, 264 = 4*j + 4*r. Calculate the remainder when j is divided by ((-3)/z)/(2/(-20)).
3
Suppose -164*c = -71*c - 2511. Let o = 55 + -15. Calculate the remainder when o is divided by c.
13
Let m = -113 + 122. Suppose 3*u = 8*u - 135. Let s = -1 + u. Calculate the remainder when s is divided by m.
8
Let q(s) = 11*s**2 - 2*s - 4. Calculate the remainder when q(3) is divided by 5 + (36/(-360) - (-51)/10).
9
Suppose -3 = -x, -3*y + 13098 = -258*x + 256*x. What is the remainder when y is divided by 190?
188
Suppose -48*r + 4*z = -47*r - 4051, 4*r = z + 16159. What is the remainder when r is divided by 101?
1